. Suppose -2*f + f - v = -4*j, 0 = -j + 2*f + 1. Calculate the highest common divisor of j and 5.
5
Let b = 420 + -378. Calculate the highest common factor of 924 and b.
42
Suppose -f - 452 = -h, 0 = -0*h + 5*h - 3*f - 2258. What is the highest common divisor of h and 11?
11
Suppose 5*v + 4*r = 289 + 16, 115 = 2*v + 3*r. What is the highest common divisor of 26 and v?
13
Let n be 3/7 + (-4456)/(-7). Calculate the highest common factor of n and 49.
49
Let n(m) = 497*m - 12. Let c be n(6). Suppose 3*j + c = 9*j. What is the greatest common divisor of 45 and j?
45
Let w be (-4 - -1 - -1)*-7. Suppose -2*t + 20 = 3*t. Calculate the greatest common factor of w and t.
2
Suppose o = 232 + 955. Suppose 3*y + 428 = o. Calculate the greatest common factor of y and 23.
23
Suppose -3*c + 9 = -6. Suppose -5*h + 40 = 4*m, -c*m + 5 = 3*h - 32. Suppose m*o - 34 = -5*z - 4, 0 = 2*z + 4. What is the greatest common factor of 40 and o?
8
Let a be (0 - -3)*(-30)/(-45). Suppose 0 = -a*z + 4*r - 3*r + 38, 2 = r. Calculate the greatest common divisor of 10 and z.
10
Let w = 461 + -416. Calculate the greatest common factor of w and 5.
5
Suppose 50*g = 48*g + 38. Let n = g - -66. Let q(u) = u**2 - 2. Let s be q(-6). What is the highest common factor of n and s?
17
Let q be (-9)/(2/(-1 - 5)). Suppose 2*x = -4*c + 640, -3*c + 359 = 4*x - 111. Calculate the greatest common divisor of c and q.
27
Suppose 4*f - 2*l = 92, 3*f + 10 - 74 = 4*l. Let z(b) = b**3 - 11*b**2 + 11*b - 7. Let i be z(10). What is the greatest common divisor of f and i?
3
Let g = -10 + 13. Let b be g - (-11 - (-3 - -3)). Let i = -9 + b. What is the highest common divisor of 55 and i?
5
Suppose -910 = -157*q + 122*q. Suppose -155 = -5*r + r - b, r - 40 = b. Calculate the highest common divisor of q and r.
13
Let m = -50 + 53. Suppose -2*x = -x + 5*s - 20, 0 = -m*x - 4*s + 27. What is the highest common divisor of x and 25?
5
Let b be -2 + (-1 - -3) - -7. Let l = 65 + b. What is the highest common divisor of 16 and l?
8
Let v be 3 - (-4 + 8 - -1). Let k be (-6)/(-3) - -14 - v. What is the highest common divisor of 27 and k?
9
Suppose 9*v = v + 480. What is the highest common factor of v and 390?
30
Suppose -4*y + 862 = 26. Calculate the greatest common factor of y and 38.
19
Let i be (-1)/(-3) + (-2)/((-6)/(-145)). Let a = 60 + i. What is the greatest common divisor of a and 16?
4
Suppose 4*z + w - 85 = 0, z + 4*z - 101 = -3*w. Let j = z - 12. Calculate the highest common divisor of 10 and j.
10
Suppose -3*u + 5*u - 3 = -5*a, -39 = -5*u - 2*a. Suppose 8*t = 5*t + 18. Calculate the highest common divisor of u and t.
3
Suppose -2*i + 5*i - 63 = -3*j, 0 = -j + 5*i + 3. Let t be (-204)/21 - -10 - 80/(-14). What is the greatest common factor of j and t?
6
Let q(j) = 0*j + 9*j**3 + 11*j**3 - j**2 + j. Let v be q(1). Let d(f) = 607*f + 727. Let a be d(-1). Calculate the highest common divisor of v and a.
20
Let h(t) = -t**3 - 6*t**2 - 2*t - 4. Let f be h(-6). Suppose f*a + 109 - 317 = 0. Let n = 28 - a. Calculate the highest common divisor of 18 and n.
2
Let k be (-42)/12*80/(-7). Calculate the greatest common factor of 280 and k.
40
Let b(r) = -2*r + 14. Let w be b(-2). Let k(p) = -p**2 + 12*p + 16. Let i be k(11). Calculate the greatest common factor of w and i.
9
Suppose -c - 96 + 228 = 0. Let d = 599 + -566. Calculate the highest common factor of c and d.
33
Suppose 72*q = 75*q - 399. Calculate the greatest common factor of q and 14.
7
Let t be (-9)/(-27) - 3947/(-3). What is the greatest common divisor of 28 and t?
28
Let x be ((-3)/5)/((-1)/5). Suppose x*j = 4*k - 4, j = -0*k - 4*k + 20. Calculate the highest common factor of 20 and k.
4
Let l = -261 - -401. What is the greatest common divisor of l and 100?
20
Let v be (17 + -14)/(3 + (-1680)/565). What is the greatest common divisor of v and 904?
113
Let x = 1317 - 864. Calculate the highest common factor of 3 and x.
3
Let s = -43 + 41. Let h be 0 - (4/8 - (-17)/s). Calculate the highest common divisor of h and 8.
8
Let h(d) = -d**3 - 4*d**2 - 7*d - 4. Let k be h(-3). Let l be 2 - (-12)/(2/1). What is the highest common divisor of l and k?
8
Let p = 53 + -47. Suppose -p*u + 260 = -370. What is the highest common divisor of 42 and u?
21
Suppose -55 = -10*v + 185. Calculate the highest common divisor of v and 276.
12
Let i(j) = -3*j**2 + 1. Let t be i(3). Let m be 6/39 + 4/t. Let l be 54 - m - (-3 + 5). Calculate the highest common divisor of l and 13.
13
Suppose 6*f = 5*f + 6. Suppose 4*j - 42 = -f. Let o = 44 - 17. Calculate the greatest common divisor of o and j.
9
Let f be (-2)/(-4)*7*10. Let s = -142 + 173. Suppose 5*a - a + 36 = 4*u, 5*u - s = -2*a. Calculate the greatest common divisor of f and u.
7
Let m be 4/(-8) + (-35)/(-2). Suppose -5*s = 2*v + 2 + m, 3*s - 1 = 5*v. Let x be v/10 - (-5610)/50. Calculate the highest common divisor of 16 and x.
16
Suppose 34*a - 30*a + 5*u = 53, 55 = 5*a - 5*u. What is the greatest common factor of 44 and a?
4
Suppose 0 = 16*u - 19 - 45. Calculate the highest common divisor of 4 and u.
4
Suppose -90 = -16*x + 38. Suppose -q - 350 = -x*q. Suppose -5*g + 32 + 18 = 0. Calculate the highest common divisor of g and q.
10
Let c = -274 + 638. Calculate the greatest common divisor of c and 28.
28
Suppose -2*i - 5*a - 19 - 8 = 0, -4*a - 9 = i. Let z = i - -31. Suppose -7 = -5*t + 43. Calculate the greatest common divisor of t and z.
10
Let d be (50/(-15))/(8/(-804)). Let f = d - 225. Calculate the greatest common factor of f and 10.
10
Let o be ((-8)/36 + (-165)/27)*3. Let g(d) = -d**3 + 7*d**2 - 3*d - 1. Let n be g(5). Let m = o + n. Calculate the greatest common divisor of m and 10.
5
Let h(p) = 40*p - 5. Let o be h(2). Suppose -v + 80 = -o. Suppose -2*t = 5*m - 109, 4*t + 5*m - 332 = -99. What is the greatest common divisor of v and t?
31
Suppose -5*v - 39 = -339. Calculate the highest common factor of 108 and v.
12
Let s be -7*((-9 - -7) + -2). Let n = 196 + -140. What is the highest common factor of s and n?
28
Let x = 6 - -3. Suppose 5*y - 2*h = 48, -y + h + x + 0 = 0. Calculate the greatest common factor of y and 10.
10
Let p be ((-6)/(-10))/(3/(-2160)*-8). What is the highest common divisor of p and 36?
18
Let i be (0 - -1*96)*(-194)/(-291). What is the greatest common divisor of 10 and i?
2
Let v(t) = -t**3 + 2*t**2 + 4*t. Let q be v(3). Suppose q*z = 5*m - 102, 0 = m + 6*z - z + 2. Calculate the greatest common factor of m and 18.
18
Let w be -1 - (8 - -2)*7/(-14). What is the highest common divisor of 5 and w?
1
Let m be (-2)/(-13) - 505/(-13). Suppose -2*f - 42 = -2*l - 0*l, 2*l - 3*f = m. What is the highest common factor of l and 216?
24
Let h be (25*-3)/(-5 - -4). Let v be 15*(0 + -5)*270/(-405). What is the highest common factor of h and v?
25
Suppose 0 = 27*c - 22*c - 285. What is the highest common divisor of 912 and c?
57
Suppose -5*m + 2*v + 43 = 0, v - 47 = -5*m + 4*v. Let s be -3 + -5 + (-2 - -2). Let r be 7 - m/((-28)/s). What is the greatest common divisor of 25 and r?
5
Suppose -5*n + 2*o + 1945 = 0, 258 + 519 = 2*n - o. Calculate the greatest common divisor of 85 and n.
17
Suppose 0 = 2*b + 3*f + 18 - 60, 0 = -4*b + 4*f + 104. Calculate the highest common divisor of 168 and b.
24
Let u(m) = -196*m + 114. Let b be u(-2). What is the highest common divisor of 92 and b?
46
Let b = -464 - -592. What is the greatest common factor of 176 and b?
16
Let p(q) = q**2. Let l be p(-3). Let m = -617 + 626. Calculate the highest common factor of l and m.
9
Let q = 19 + -22. Let m be (2/(-5))/((-8)/480) + q. What is the greatest common divisor of m and 6?
3
Let p(r) = r**3 - 2*r**2 + 4*r - 27. Let v be p(4). What is the highest common divisor of v and 133?
7
Suppose -252 = -8*h + h. Calculate the greatest common divisor of h and 108.
36
Let d = 64 + -28. Let g(b) = -22*b + 10. Let c be g(-2). What is the greatest common divisor of c and d?
18
Let y(r) be the third derivative of r**4/24 + 9*r**3/2 - 4*r**2. Let w be y(-11). What is the greatest common factor of 144 and w?
16
Suppose -20 = p - 3*p - 2*l, -4*p = -4*l - 16. Suppose -3*t + 4*t - p = 5*s, 3*t = 2*s + 8. Let q = -6 + 9. Calculate the highest common divisor of t and q.
1
Suppose 3*o - 4*t - 126 - 98 = 0, -o - 5*t + 43 = 0. Suppose i + 3 = 0, -q + 